mainder when 3079 is divided by 87?
34
Calculate the remainder when 9713 is divided by 809.
5
What is the remainder when 4348108 is divided by 152?
148
What is the remainder when 61344 is divided by 49?
45
Calculate the remainder when 8402 is divided by 8389.
13
What is the remainder when 1097 is divided by 427?
243
Calculate the remainder when 160 is divided by 159.
1
Calculate the remainder when 3501 is divided by 575.
51
What is the remainder when 162 is divided by 48?
18
What is the remainder when 12823 is divided by 115?
58
What is the remainder when 5420 is divided by 1312?
172
What is the remainder when 798 is divided by 370?
58
Calculate the remainder when 1396 is divided by 210.
136
What is the remainder when 5565 is divided by 724?
497
Calculate the remainder when 1354 is divided by 167.
18
Calculate the remainder when 2473 is divided by 774.
151
Calculate the remainder when 16865 is divided by 194.
181
What is the remainder when 142131 is divided by 282?
3
What is the remainder when 2824 is divided by 590?
464
What is the remainder when 6909 is divided by 192?
189
Calculate the remainder when 1653 is divided by 186.
165
What is the remainder when 880 is divided by 262?
94
Calculate the remainder when 524122 is divided by 524116.
6
Calculate the remainder when 56667 is divided by 8093.
16
Calculate the remainder when 15865 is divided by 124.
117
Calculate the remainder when 6975 is divided by 132.
111
Calculate the remainder when 13209 is divided by 880.
9
Calculate the remainder when 1396719 is divided by 1040.
1039
What is the remainder when 941 is divided by 414?
113
What is the remainder when 14492 is divided by 3587?
144
What is the remainder when 89733 is divided by 73?
16
Calculate the remainder when 3273659 is divided by 38.
35
What is the remainder when 12869 is divided by 4249?
122
What is the remainder when 41688 is divided by 254?
32
What is the remainder when 9338 is divided by 98?
28
What is the remainder when 665662 is divided by 35?
32
Calculate the remainder when 10686 is divided by 47.
17
What is the remainder when 18517 is divided by 44?
37
Calculate the remainder when 270644 is divided by 42.
38
Calculate the remainder when 11794 is divided by 512.
18
What is the remainder when 96474 is divided by 48232?
10
What is the remainder when 25951 is divided by 279?
4
What is the remainder when 81514 is divided by 40756?
2
Calculate the remainder when 100054 is divided by 132.
130
What is the remainder when 11271 is divided by 2817?
3
Calculate the remainder when 21402 is divided by 1804.
1558
Calculate the remainder when 11831 is divided by 210.
71
What is the remainder when 5274 is divided by 353?
332
What is the remainder when 4512 is divided by 237?
9
What is the remainder when 517236 is divided by 103447?
1
What is the remainder when 378601 is divided by 189299?
3
What is the remainder when 178464 is divided by 1239?
48
Calculate the remainder when 10527 is divided by 3473.
108
Calculate the remainder when 422122 is divided by 210.
22
What is the remainder when 21092 is divided by 203?
183
What is the remainder when 13923 is divided by 660?
63
What is the remainder when 8565 is divided by 8564?
1
What is the remainder when 3377 is divided by 25?
2
Calculate the remainder when 44168 is divided by 1160.
88
Calculate the remainder when 22632 is divided by 204.
192
What is the remainder when 674918 is divided by 39?
23
What is the remainder when 66522 is divided by 132?
126
Calculate the remainder when 1906 is divided by 500.
406
What is the remainder when 5600 is divided by 2622?
356
Calculate the remainder when 1508609 is divided by 10.
9
What is the remainder when 16736 is divided by 467?
391
What is the remainder when 209183 is divided by 354?
323
Calculate the remainder when 23450 is divided by 451.
449
What is the remainder when 31447 is divided by 37?
34
What is the remainder when 92365 is divided by 7696?
13
What is the remainder when 1191042 is divided by 223?
222
Calculate the remainder when 343028 is divided by 3236.
12
Calculate the remainder when 102234 is divided by 410.
144
What is the remainder when 4230 is divided by 74?
12
What is the remainder when 303756 is divided by 830?
806
Calculate the remainder when 13414 is divided by 95.
19
Calculate the remainder when 9040 is divided by 292.
280
Calculate the remainder when 15190 is divided by 24.
22
What is the remainder when 5229 is divided by 3928?
1301
Calculate the remainder when 5497 is divided by 45.
7
What is the remainder when 332051 is divided by 1419?
5
What is the remainder when 72013 is divided by 4797?
58
Calculate the remainder when 7757 is divided by 86.
17
Calculate the remainder when 138638 is divided by 362.
354
Calculate the remainder when 35486 is divided by 105.
101
Calculate the remainder when 12003 is divided by 5995.
13
What is the remainder when 12939 is divided by 1248?
459
Calculate the remainder when 8922 is divided by 2750.
672
Calculate the remainder when 183603 is divided by 389.
384
Calculate the remainder when 901 is divided by 403.
95
What is the remainder when 215781 is divided by 108?
105
Calculate the remainder when 900977 is divided by 7446.
11
Calculate the remainder when 224915 is divided by 127.
125
What is the remainder when 405120 is divided by 588?
576
What is the remainder when 343718 is divided by 171856?
6
What is the remainder when 181576 is divided by 30260?
16
Calculate the remainder when 67905 is divided by 22635.
0
What is the remainder when 3019 is divided by 740?
59
What is the remainder when 2411 is divided by 39?
32
Calculate the remainder when 15035 is divided by 84.
83
Calculate the remainder when 828910 is divided by 170.
160
Calculate the remainder when 33240 is divided by 13.
12
What is the remainder when 62827 is divided by 19?
13
Calculate the remainder when 4888 is divided by 21.
16
Calculate the remainder when 1600 is divided by 1495.
105
Calculate the remainder when 41791 is divided by 20888.
15
What is the remainder when 19657 is divided by 19524?
133
What is the remainder when 235559 is divided by 169?
142
Calculate the remainder when 656 is divided by 116.
76
What is the remainder when 39866 is divided by 39836?
30
Calculate the remainder when 9594171 is divided by 1108.
1107
Calculate the remainder when 2924 is divided by 6.
2
Calculate the remainder when 132464 is divided by 1143.
1019
What is the remainder when 911 is divided by 898?
13
What is the remainder when 48732 is divided by 24?
12
Calculate the remainder when 20908 is divided by 6669.
901
What is the remainder when 10218 is divided by 2?
0
What is the remainder when 36324 is divided by 544?
420
Calculate the remainder when 858418 is divided by 570.
568
What is the remainder when 5230 is divided by 28?
22
What is the remainder when 17 is divided by 5?
2
Calculate the remainder when 394184 is divided by 321.
317
What is the remainder when 15229 is divided by 162?
1
What is the remainder when 68920 is divided by 146?
8
What is the remainder when 127883 is divided by 11?
8
What is the remainder when 52602 is divided by 398?
66
What is the remainder when 13012 is divided by 6493?
26
What is the remainder when 150075 is divided by 536?
531
Calculate the remainder when 3568 is divided by 3370.
198
What is the remainder when 562 is divided by 248?
66
Calculate the remainder when 8362 is divided by 2076.
58
Calculate the remainder when 5211 is divided by 1017.
126
What is the remainder when 1908 is divided by 173?
5
Calculate the remainder when 15405 is divided by 33.
27
Calculate the remainder when 5527 is divided by 185.
162
Calculate the remainder when 7928 is divided by 54.
44
What is the remainder when 15959 is divided by 4?
3
What is the remainder when 79316 is divided by 684?
656
What is the remainder when 20588 is divided by 10278?
32
Calculate the remainder when 192 is divided by 35.
17
What is the remainder when 9605 is divided by 3166?
107
What is the remainder when 871 is divided by 153?
106
What is the remainder when 58332 is divided by 190?
2
What is the remainder when 1715 is divided by 54?
41
What is the remainder when 21748 is divided by 21730?
18
What is the remainder when 250481 is divided by 18?
11
Calculate the 